*m(a) + s(a). Calculate u(3).
-5
Let y(p) = -24*p**2 + 9*p + 6. Let u(q) = 29*q**2 - 11*q - 7. Let n(c) = 4*u(c) + 5*y(c). Give n(-3).
-37
Let k = 16 - 19. Let v(m) = 5*m**2 - m. Let f(x) = -24*x**2 + 4*x. Let h(q) = k*f(q) - 14*v(q). Suppose 3*c - 5*c - 4*u = 8, u = -1. Calculate h(c).
4
Let t(b) = -14*b + 43. Let u(d) = 11*d - 31. Let r(g) = 7*t(g) + 9*u(g). What is r(-19)?
3
Let g = -2757 + 2761. Let b(u) = u**2 + 3*u - 17. Give b(g).
11
Let p(a) = -2*a**2 + 4*a - 2. Let k(s) be the third derivative of s**5/20 - 5*s**4/24 + s**3/2 - 14*s**2. Let l(t) = 3*k(t) + 4*p(t). What is l(0)?
1
Let v(o) be the second derivative of o**7/420 - o**6/180 + o**5/60 - o**4/24 - 7*o**3/6 + 7*o. Let a(r) be the second derivative of v(r). Give a(1).
1
Let u(v) = v**3 - 3*v**2 - 7*v + 10. Let s be 5/(-30) - (-350)/84. What is u(s)?
-2
Suppose 3*n - 4*n - 25 = -4*z, -4 = -z. Let l(a) = a**2 + 9*a + 9. Determine l(n).
9
Suppose -y - 5*l = -28, 2*l = -3*y - 0*y + 19. Let r(m) = 0*m**3 - 3*m**2 + 3*m**y - 2*m**3 + m - 2*m**3. Determine r(-3).
-3
Let h(r) = -r + 1. Let c(u) = u**3 + 11*u**2 + 30*u - 10. Let j(z) = -c(z) - 6*h(z). Let f be j(-8). Let w(i) = i + 0*i + 0 + 5. What is w(f)?
9
Let j(x) = -1 - 247*x - 270*x + 523*x. Let d(k) = -k**3 + 4*k**2 + 2. Let p be d(4). What is j(p)?
11
Let l = 511 - 512. Let b(k) = -3*k + 1. Give b(l).
4
Let a(x) = x**2 - 2*x - 4. Let v(j) = -3 + 8*j + 0*j - 2*j**2 + j**2. Let f(l) = -4*l - 33. Let k be f(-10). Let b be v(k). Give a(b).
4
Let j(c) = 3*c**3 + 6*c**2 + c - 1. Let b(w) = 4*w**3 + w + 1. Let v(x) = -b(x) + j(x). Calculate v(4).
30
Let c = 113 - 110. Let w(o) be the second derivative of -1/6*o**3 + 4*o**2 + 0 + c*o. Calculate w(0).
8
Let f(s) = -17*s - 242. Let z be f(-14). Let q(b) = -b**2 + b + 3. Give q(z).
-17
Let r(x) be the first derivative of -18 - 1/2*x**2 - 1/3*x**3 - x. Determine r(-1).
-1
Let b(c) = -3*c**3 + 2*c**2 + 3*c - 2. Let v(z) = 27*z**2 - 2*z + 2 - 25*z**2 - 2*z. Let o be v(2). Calculate b(o).
-12
Let n(z) = 8*z**2 - z - 1. Suppose -77 = -3*b - 80. What is n(b)?
8
Let v(d) = -d**3 + 4*d**2 - 3. Suppose -3*n + 3 = -3. Let q be (1 + n)/((-3)/(-4)). Suppose -2*z + 12 - q = 0. Give v(z).
-3
Let d(m) be the third derivative of m**6/120 - 3*m**5/10 - 19*m**4/24 + m**3/6 + 2*m**2 - 20*m. Determine d(19).
1
Let m(l) be the second derivative of -l**3/6 - 5*l**2/2 + 2*l. Let w = 141 + -199. Let a = -61 - w. Calculate m(a).
-2
Let w(y) be the first derivative of y**2/2 + 6*y - 2. Suppose -4*h + j = -j - 2, -2*h - 4*j - 4 = 0. Calculate w(h).
6
Suppose -4*h = -h. Suppose -5*j + 3*r + 0 - 2 = h, -4*j - r + 12 = 0. Let x(o) = j + 3*o**2 - 5*o - 7*o**2 + 7*o**2. Give x(3).
14
Let x be 4/(-8 - 4)*3. Let g(n) = 22*n. What is g(x)?
-22
Let x be ((-2)/4)/((-4)/24). Let k(q) = 5 - 3 + 0*q - 4*q**2 - 158*q**3 + 159*q**x - q. What is k(3)?
-10
Let b(i) = -11*i + 36*i**2 - 2*i**2 + 16*i**2 + 16*i - 6*i. What is b(-1)?
51
Let x(o) = -o + 8. Let a be (-1)/3*(-40 - 2 - -3). Let u be x(a). Let i(p) = -p**2 - 4*p - 1. What is i(u)?
-6
Let c(v) = 8*v**2 + 6*v. Let t(w) = 9*w**2 + 7*w. Let u(g) = -6*c(g) + 5*t(g). Determine u(-2).
-10
Let k(c) = -1 - 3 - 2 + 13*c + 2. Let v(q) = -26*q + 7. Let d(g) = -5*k(g) - 3*v(g). What is d(1)?
12
Let c(z) = 20 - z - 18*z**3 + z**2 - 20 - 35*z**3. Calculate c(1).
-53
Let t(d) = -21*d**3 - 14*d**2 + 8*d + 5. Let w(j) = -43*j**3 - 26*j**2 + 15*j + 9. Let i(a) = -11*t(a) + 6*w(a). What is i(1)?
-28
Let i be (-33)/5 + 33/55. Let h(x) = -3*x + 1. Calculate h(i).
19
Let q(x) = 2*x**2 - x. Suppose 5*y - 26 - 24 = 5*p, -3*p = 15. Suppose j + 8 = 5*f + 3, -5 = -y*f - 4*j. Give q(f).
1
Suppose 2*s - 4*s = 2. Let p be (-960)/(-105) + s/7. Let i(m) = -m**2 + 9*m. Give i(p).
0
Let c(j) = -j + 4. Suppose 0 = 5*i + 3 - 48. Let n be c(i). Let h(t) = -t**3 - 6*t**2 - 5*t + 7. Give h(n).
7
Let c(m) be the first derivative of -m**2 - 5*m + 3. Suppose -7*u + 13 = -3*r - 8*u, 4*r = -3*u - 19. Determine c(r).
3
Let z(h) = -h**2 + 3*h + 1. Let i be 0/(30/(-10)) - 2. Determine z(i).
-9
Let g(u) = -25*u + 1. Suppose 5*c - 3*y - 20 = 0, 2*y - 3 = -c - 12. Determine g(c).
-24
Let a(f) = 3*f**3 + 4*f + 3. Suppose 2*m + 4*t - 11 = -t, 0 = -2*m + t - 7. What is a(m)?
-29
Let r(l) = 11*l**3 + 10*l**2 + 6*l + 5. Let y(h) = -2*h**3 - h**2. Let b(z) = -r(z) - 6*y(z). What is b(5)?
-10
Let b(g) = -6949*g - 112*g**2 + 6947*g + 113*g**2 + 1. Suppose -c - n = -0*n - 4, 4 = -5*c + 3*n. Give b(c).
0
Let s(j) = -18*j + 6. Let v be s(0). Let u(r) = r**2 - 8*r - 1. Determine u(v).
-13
Let d be 258/30 - 2/(-5). Suppose 3 = 3*n - d. Let l(f) = n*f**2 + 194*f - 196*f - 2*f**3 + f**3 + 4. Give l(3).
7
Let n(y) be the first derivative of y**2/2 + 2*y + 1. Let a be 6/15 - (-3672)/(-30). Let p = -118 - a. What is n(p)?
6
Let y(w) = 2*w + 2. Suppose -2*g = 3*g + 50. Let i = 208 - 215. Let b be ((-4)/g)/(i/(-35)). Determine y(b).
6
Suppose -3*c - 56 = 4*i, -4*c + 39 = -6*c - 3*i. Let p = -19 - c. Let d(m) = -m**2 - 7*m. Determine d(p).
0
Let v(d) = d**3 - 4*d**2 - 4*d - 1. Let b(z) = z + 0*z - 3*z + 6*z - 7. Let r be b(3). Determine v(r).
4
Let l(d) = 3*d - 8. Let x = 628 - 628. Determine l(x).
-8
Let w(n) = -n**3 + 3*n**2 - 2. Let c be w(2). Let u(d) = -10*d**2 + 4*d - 7. Let a(x) = 52*x**2 - 20*x + 37. Let f(y) = -2*a(y) - 11*u(y). What is f(c)?
19
Suppose 6*u + 48 = 4*q + 4*u, -4*u = 0. Suppose 0 = p - 4*p + q. Suppose 0*k = 4*o - 2*k + 4, 0 = p*o - k. Let y(a) = 5*a**2 + 2*a - 1. What is y(o)?
6
Let w(q) = q**3 - 9*q**2 + 10*q - 6. Suppose l - 2*j + 6*j - 4 = 0, -2*j = -3*l + 26. Give w(l).
10
Let w(n) = -n**3 - 13*n**2 + 14*n. Suppose 5*x + 39 + 2 = -4*b, 5*b + 73 = x. Calculate w(b).
0
Let t(k) be the third derivative of k**5/60 + k**4/8 - k**3/3 - 703*k**2. Suppose -n - 10 = 4*z + z, 4*z = 2*n + 6. What is t(n)?
8
Let r(n) = n - 20 + 70 - 21. Determine r(0).
29
Let j(g) = -18*g**2 - 9*g - 18. Let q(z) = -6*z**2 - 3*z - 7. Let c(i) = 3*j(i) - 8*q(i). Calculate c(2).
-28
Let j be 345/(-50) - (-13)/(-130). Let r(b) = b**2 + 10*b + 22. Calculate r(j).
1
Let d(m) = -4*m - 5. Let y = 975 + -976. Give d(y).
-1
Let h be (-2)/(-7) + 74/(-14). Let o be 6/2 - (-2 - h). Let q(u) = -2*u - u + 4 + 4*u. Give q(o).
4
Let d(j) = -1 + 34*j + 5 - 109*j + 37*j + 37*j. Let p(b) = b**3 + 8*b**2 + 7*b. Let a be ((-2)/(-4))/(2/(-28)). Let k be p(a). Determine d(k).
4
Let k(h) = -h + 9. Let f be k(7). Let z(s) = -s + s**2 + 0*s**3 + 7*s - 4*s - s**3. Give z(f).
0
Suppose -2*c - 2*q + 254 = 0, -c + 3*q = -2*q - 145. Let u(t) = 248 + t - 127 - c. What is u(4)?
-5
Let c(h) = h**2 + 7*h + 5. Let u be c(-7). Suppose -2*m - 3 = 3*n, -u*m + n + 5 = -13. Let t(l) = -l**2 - 3 - 2*l**2 - 39*l + 40*l - l**m. Calculate t(-3).
-6
Let x(m) = -m**3 + m**2 + 4*m - 8. Let i(j) = -149*j + 748. Let z be i(5). What is x(z)?
-14
Let p = 27 + -11. Let v(m) = p*m**2 + 3 - 6*m + 3*m + 1 - 15*m**2. What is v(4)?
8
Let a = 46 + -45. Let l(c) = 0*c - 4 - a - 10 - c. Calculate l(-8).
-7
Let x(q) be the second derivative of q**5/20 - 5*q**4/12 - q**3/2 - 5*q**2/2 + 2*q. Suppose 9*h = -h + 230. Suppose h - 47 = -4*s. Give x(s).
13
Let i(u) = u + 22. Let p(m) = m + 8. Let o(z) = -2*i(z) + 5*p(z). Calculate o(3).
5
Let v = 70 + -41. Let l = -33 + v. Let z(q) = q**2 + 2*q - 2. What is z(l)?
6
Let b(a) = 2 - 8 + 4 + a + 4 + 1. Determine b(-13).
-10
Let b be ((-1)/2)/((-1)/8). Let k(u) be the third derivative of 5/24*u**4 + 0 - 2/3*u**3 + 0*u - 1/60*u**5 - 47*u**2. Give k(b).
0
Let z(m) = m**2 - m - 4. Let l be z(2). Let o(h) be the first derivative of 5*h**3/3 - h**2/2 - 2*h - 2. What is o(l)?
20
Let y(w) = 2*w**3 + 3 + w - 6*w**2 - 4*w**3 + 2*w**3 + w**3. Let i(z) be the first derivative of z**3/3 + 7*z**2 + 5*z + 8. Let u be i(-14). What is y(u)?
-17
Let n = 88 + -84. Let g(b) = -b**3 - 8*b**2 + 2*b + 6. Let f(l) = -l**2 + 1. Let u(q) = n*f(q) - g(q). Determine u(-5).
-17
Let l(c) = c**3 + 8*c**2 + 5*c - 10. Let v(f) = -3*f + 22. Let u be v(10). Let s be 1/(6/21*4/u). Calculate l(s).
4
Let q(o) = o - 9. Let w be (1 - 3)/(-6 - 320/(-55)). Calculate q(w).
2
Let d(l) be the second derivative of -l**7/840 - l**5/120 - l**4/12 - 5*l**3/6 + 6*l. Let h(v) be the second derivative of d(v). Calculate h(2).
-12
Let s(d) be the first derivative of d**4/4 + 14*d**3/3 - 17*d**2/2 - 33*d + 566. Det